Let h(w) be the third derivative of w**6/40 - w**5/30 - w**3/6 + 101*w**2 - 66*w - 1. What is h(v)?
62
Let q be ((-36)/(-16))/((-9)/24). Let g(c) be the third derivative of -c**6/120 - 2*c**5/15 - 3*c**4/8 - 5*c**3/6 - 5987*c**2. Calculate g(q).
-23
Suppose 0 = j - 0 - 4. Suppose -5 = -j*o + 9*o. Let z be (117/26)/(o/4 - -1). Let q(i) = 3*i - 9. What is q(z)?
9
Let s(g) = 14 + 16*g**2 + 13 - 14*g + g**2 - 5 - 5 + g**3. Give s(-18).
-55
Let u(l) = l**2 + 31*l - 7 - 62*l + 40*l + 0*l**2. Let m(z) = z**2 - 16*z + 4. Let r be m(15). What is u(r)?
15
Let g(c) = -9*c**3 - 22*c**2 + 5*c - 57. Let q(s) = -11*s**3 - 23*s**2 + 12*s - 59. Let j(a) = 5*g(a) - 4*q(a). Determine j(-17).
53
Let h(o) = 37*o - 35*o**3 - 59*o + 21*o. Suppose 2 = -g - 0, -4*d + 3*g + 10 = 0. What is h(d)?
-36
Let j(c) = 2*c**2 - 48. Let r be -10*(6 - 305/50)*5*1. Calculate j(r).
2
Let k(a) = -a**2 - 7*a - 12. Let o be ((-39)/12 + 4)/((-2)/(-24)). Suppose 223 = o*s - 2. Suppose 3*q + 5*h = -q - s, 0 = 2*q + h + 11. What is k(q)?
-2
Let o(r) = -6*r**2 - 74*r - 240. Let i be o(-7). Let p(n) = -3*n - 44. Determine p(i).
4
Let j(f) = -3 + 2*f**2 - 15*f - 2*f**2 + 12*f**2 - f**3 + 1. Determine j(10).
48
Let o(x) = 657*x - 20 - 650*x - 26 + 17. What is o(0)?
-29
Let y(u) = 5*u**2 + 9*u + 5. Let m(o) = -27*o**2 - 48*o - 21. Let p(q) = 2*m(q) + 11*y(q). Give p(7).
83
Let q(t) be the second derivative of -4*t**3/3 - t**2 - 64*t. Suppose 3*y - 110 + 116 = 0. Determine q(y).
14
Let c(t) = 224*t**2 + 51*t + 63. Let x(m) = 79*m**2 + 17*m + 21. Let j(v) = -6*c(v) + 17*x(v). Let b = -30 + 15. Determine j(b).
9
Suppose d = -50 + 53. Suppose 0 = -5*v + 2*j + 46, d*v = 3*j + 2*j + 39. Suppose -5*y + 3*y - v = 0. Let a(t) = t - 4. What is a(y)?
-8
Let s(d) = -20*d**2 - 4*d. Let y be ((-18)/(-2))/9*1/(-1). What is s(y)?
-16
Let b(m) = m**3 + 13*m**2 - 14*m - 9. Suppose 10*g - 168 = 2. Suppose 0 = -22*z + g*z - 70. Give b(z).
-9
Let s be (0 - 5)*(-48)/160. Let r(d) be the second derivative of -4 - 2*d + 1/20*d**5 - 1/2*d**3 - 1/3*d**4 + s*d**2. Calculate r(4).
-9
Let o(f) = 9*f + 21. Let c = -6778 + 6776. What is o(c)?
3
Let z(l) = -14*l**2 + 6*l + 1. Let b(d) = -3*d**2 + d. Let u(q) = 7*b(q) - z(q). Let w(r) = -r**3 + 12*r**2 - 22*r + 21. Let k be w(10). Calculate u(k).
-7
Let n(q) = 3*q + 0*q - 2 - q**2 + 6*q. Let k(j) = -1220*j + 7327. Let a be k(6). What is n(a)?
12
Let q(r) = -1. Let m(l) = -9*l - 3. Let k(f) = -2*m(f) + 6*q(f). Let z be (-8)/(-18)*3*21/(-2). Let v be 2/z - 17/((-119)/(-6)). Calculate k(v).
-18
Let p(y) be the first derivative of y**3/3 + y**2 + 72*y + 1293. Calculate p(0).
72
Let h(n) = -2*n + 8. Let s be ((-21)/28)/(2/(-56)). Let l = -37 + s. Let k = l + 23. Give h(k).
-6
Let v(j) be the second derivative of -3/2*j**3 - 7/12*j**4 + 3*j + 0 - 4*j**2 - 1/20*j**5. Let d(g) = 2*g**2 - 240*g - 6. Let y be d(0). What is v(y)?
10
Let y be (36/45)/((-18)/(-75)) - 21/63. Let t(c) = c**3 - 5*c**2 + 2*c - 3. What is t(y)?
-15
Let n(s) be the third derivative of s**6/120 + s**5/60 - s**4/8 + s**3/3 - 6*s**2. Suppose -6*g - 926 = -236. Let v = -118 - g. What is n(v)?
-7
Let i(x) be the third derivative of 5*x**4/24 + 6*x**3 - 2*x**2 + 294*x + 2. Give i(-7).
1
Let k(h) = -h**2 - 19*h + 41. Suppose 2*v = -2*m - 19 - 11, 0 = 4*v - 3*m + 109. What is k(v)?
-25
Let m(y) = -53*y + 2370. Let l be m(45). Let k(a) = 3*a + 65. What is k(l)?
20
Let y(v) = 151 - 317 - 12*v + 72. Calculate y(-8).
2
Let w(u) = -7*u**2 + 17*u - 3. Let h(n) = -4*n**2 + 9*n - 2. Let q = -29 - -24. Let r(d) = q*h(d) + 3*w(d). Determine r(6).
1
Suppose -3*q + 141 = -24. Suppose 60*z - q*z = 45. Let h(l) = -1 + z*l + 4*l**2 - 7*l - 4*l. Give h(-2).
19
Let r(o) be the first derivative of o**4/24 + 5*o**3/3 + o**2 - 5*o - 42. Let f(h) be the second derivative of r(h). Determine f(-11).
-1
Let o(c) = c**2 + 10*c + 18. Let f(l) = -l**3 + 12*l**2 - 33*l + 1. Let i be f(8). Give o(i).
-3
Let b(o) = -o**2 + 2*o + 1. Let u be b(2). Let q(f) be the third derivative of 1/6*f**3 + 0*f + 0 - 1/6*f**4 - 31*f**2. What is q(u)?
-3
Let y(z) = -2*z**2 - 129*z - 18. Let o(h) = -3*h**2 - 215*h - 36. Let r(x) = -3*o(x) + 5*y(x). Give r(-8).
-46
Let o be 112/2*((-3)/6 + 1). Suppose 2*l - 26 = -o. Let a(y) = 9*y + 5. Let m(u) = 10*u + 6. Let p(q) = 5*a(q) - 4*m(q). Give p(l).
-4
Let t(k) = k**3 + 6*k**2 + 4*k - 5. Let f(o) = 30*o - 18. Let d be f(-9). Let j = d + 284. What is t(j)?
11
Let u(g) = g**3 + 6*g**2 + 4*g - 1. Let r = -177 + 177. Let c(y) = -11*y - 5. Let t be c(r). What is u(t)?
4
Let u(c) = 5307 + 15*c - 1764 - 1758 - 2*c - 1737. Determine u(-4).
-4
Let o(x) = -2*x**2 - 8*x + 34. Let t be o(-15). Let z be t/370 + (0 - (-32)/(-10)). Let p(m) = 2*m + 6. What is p(z)?
-2
Let n(l) = l**3 + 13*l**2 + 11*l + 14. Let w be (-1 - (3 - 8))/(2/(-7)). Let x be (0 + w)*(-6)/(-7). Give n(x).
26
Let y(u) = 43*u**2 + 185*u + 9. Let x(v) = 21*v**2 + 101*v + 5. Let l(w) = -11*x(w) + 6*y(w). What is l(-1)?
27
Let n(q) = 3*q + 1. Let f be n(-2). Let r = f + 4. Let b(w) be the second derivative of 13*w**3/6 - w**2/2 + 47*w. Give b(r).
-14
Let z(k) be the third derivative of k**5/60 - k**4/4 - 3*k**2 + 607*k + 3. Let u(b) = -2*b**3 - 3*b**2 - b + 1. Let w be u(-2). What is z(w)?
7
Suppose 18*f - 20*f - l + 2 = 0, 4*l + 8 = 0. Let p(t) = 2*t - 20. Calculate p(f).
-16
Suppose -5*z - 2*n + 16 = -4*n, -3*n = 5*z - 1. Suppose -18*k = -z*k - 96. Let a(t) = -t**2 + 9*t + 8. Determine a(k).
26
Suppose -270*s = -266*s + 5*h + 24, -h - 9 = 5*s. Let v(d) = -d**3 + 2*d**2 + 3*d + 1. Give v(s).
1
Let j(y) = 14*y**2 + y + 1. Suppose -g + 3*z - 1 = 0, -40*g = -41*g + 5*z - 1. Calculate j(g).
14
Let l(n) = -n**3 - 5*n**2 + 2*n + 4. Suppose 0 = 4*c - 8. Let a(g) = g**2 - g + 1. Let f be a(c). Suppose -x = 5*d + 10, f*x + 5*d = -6 - 14. Calculate l(x).
-6
Suppose 0 = 4*b - 3*c - 24, c = 5*b - c - 23. Let i(v) = 0*v**b - v**3 + 1511*v**2 - 15 + 11*v - 1502*v**2. Give i(10).
-5
Let x(l) = 12*l - 12*l - l**2 - 4*l + 114 - 42. Calculate x(6).
12
Let i(q) be the second derivative of q**3/6 - 3*q**2 - 4*q. Suppose -5*b = 3*k + 324, 4*b = 2*b + 5*k - 142. Let o = 66 + b. What is i(o)?
-6
Let a(l) be the second derivative of -58*l - 5/12*l**4 + 7/6*l**3 - 1/20*l**5 + 4*l**2 + 0. Calculate a(-6).
2
Let u(p) be the first derivative of -p**4/4 + 2*p**3/3 - 6*p + 468. Calculate u(0).
-6
Let r(w) be the second derivative of w**7/1260 - w**6/360 - w**5/60 + 47*w**4/12 + 238*w. Let b(n) be the third derivative of r(n). Calculate b(2).
2
Let r = 557 - 554. Suppose -4*x + 2*k = 58 - 4, -10 = x + r*k. Let l(z) = -z**3 - 14*z**2 - 15*z. Determine l(x).
26
Let t(j) = -7*j - 7. Let p(l) = -33*l + 789. Let q be p(24). Give t(q).
14
Let u(x) be the third derivative of x**6/360 - x**5/24 + x**4/6 - x**3 + 8*x**2 - x. Let y(w) be the first derivative of u(w). Calculate y(4).
0
Let l(b) = 6*b**3 + b**2 - 2*b - 2. Let o(x) = -27*x + 107. Suppose 838 = -2*z + 846. Let y be o(z). Determine l(y).
-5
Let d(z) be the first derivative of -11 - 1/2*z**2 + 18*z + 3/2*z**3. Let i(v) be the first derivative of d(v). Determine i(-2).
-19
Let j(l) = -7*l**2 + 3*l - 1. Let z(u) = -11*u**2 + 4*u - 2. Let f(q) = 8*j(q) - 5*z(q). Let k(o) = -51*o + 412. Let x be k(8). Calculate f(x).
2
Let r(o) be the first derivative of 2*o**3/3 - 2*o**2 + 5*o + 2259. Give r(2).
5
Let y(k) = 0*k + 0*k**2 - 3*k - 3*k**2 + 4. Let f be (5 - 3)*(-378)/(-252). Determine y(f).
-32
Let y(u) = -703*u + 6321. Let o be y(9). Let a(n) = 18*n + 107. Determine a(o).
-1
Let n(j) = -j**2 + j - 25. Let z(b) = 3*b + 145. Let v be z(-40). Suppose -40*h = -v*h. Calculate n(h).
-25
Let w(m) = m**2 - 10*m + 21. Let s = -9080 - -9086. Determine w(s).
-3
Let z(c) = -7*c**2 + 1 - 6*c - c**3 + 4 - 4. Let o = -433 - -448. Suppose o*x + 42 = -48. What is z(x)?
1
Let c(u) = -u**3 - 36*u**2 - 19*u - 658. Let b be c(-36). Let r(v) = -v**3 + 25*v**2 + 28*v - 58. Determine r(b).
-6
Let f(b) = 3*b + 8*b + b**3 + 2*b - 13*b**2 - 5*b - 1 + 4*b. Give f(12).
-1
Let h = -3671 - -3673. Let j(f) be the third derivative of 0*f**4 - 1/3*f**3 + 0*f + 16*f**h - 1/120*f**6 + 1/20*f**5 + 0. Give j(3).
-2
Let d be 3*((0 - -1) + 1). Suppose 0 = -4*c - d + 26. Let b(x) = -3*x**3 - x - 1. Let v(l) = l**3 - l**2 - l. Let f(t) = -b(t) - 4*v(t). Determine f(c).
1
Let r(q) be the 